 + 4*c + 4*p. Let f(d) = -367*d + 360*d + 18*d**2 - 14*d**2 + 8. Let h(v) = v**2. Let o(g) = c*f(g) + 5*h(g). Calculate o(-6).
-14
Let z(a) be the second derivative of -a**5/20 + a**4/12 - a**3/6 - 17*a**2 - a. Suppose 4*y + 8 = 3*x, -3*x - 6646*y + 6648*y = -4. Give z(x).
-34
Let z(c) = -10 + 1 + 5 + 5. Let g(b) = -b**2 + 7*b - 10. Let n(i) = -g(i) - 3*z(i). Give n(4).
-5
Let o(j) = -37*j**2 - 30*j - 64. Let d(y) = 31*y**2 + 29*y + 63. Let h(s) = -6*d(s) - 5*o(s). Give h(-21).
5
Let a be ((-12)/10 - -1)/(70/(-25) - -3). Let x(y) = 6*y**3 + 3*y**2 - 2. What is x(a)?
-5
Let j(t) = t**2 - 19*t + 82. Let r(o) = 3*o**2 - 11*o + 17. Let c be r(3). Let x be j(c). Let s(f) = 7*f + 39. Determine s(x).
-3
Let r(p) = -126*p**2 + 4*p + 3 + 256*p**2 + 6 + 2*p**3 - 118*p**2. Give r(-6).
-15
Let u(m) = 3*m**2 - 3*m - 7*m + 11*m + 5 - 4*m**2. Let r be u(0). Suppose 28 = -4*n - r*v, 5*n - 4*v - 5 = 1. Let k(q) = q**2 + 5*q + 2. Calculate k(n).
-4
Let p(o) = 2*o + 52. Let b be (1/(-8)*-16)/((-2)/(-8)). Calculate p(b).
68
Let l(n) = -n**2 - 10*n - 2. Let u(o) = -222*o - 1779. Let h be u(-8). Calculate l(h).
19
Let t(o) be the first derivative of -1/2*o**2 + 1/12*o**4 - 2/3*o**3 + 9 - 11*o. Let h(s) be the first derivative of t(s). Calculate h(3).
-4
Let k(u) = -9*u**2 + 13*u - 2. Let b(l) = 9*l**2 - 16*l + 2. Let c(i) = 3*b(i) + 4*k(i). Calculate c(1).
-7
Let s(f) be the second derivative of -f**3/2 + 3*f**2 - 8*f + 81. Determine s(1).
3
Let q(s) be the second derivative of -19*s**3/6 + 42*s**2 - 4240*s. Calculate q(5).
-11
Let c(a) = -64*a + 193*a - 50*a - 66*a. Let t = 4 + -1. Suppose 4*x = -3*l + 5, 0 = x - 5 + t. What is c(l)?
-13
Let p(o) = 5*o - 4. Suppose x = 5*g - 61, -3*x - 24 = -5*g + 39. Let f be 14/g + 400/480. Calculate p(f).
6
Let u(f) be the first derivative of -f**4/4 - f**2/2 + 10*f - 670. Suppose 0 = s + 2*s. Suppose s*v = 3*v. Give u(v).
10
Let k(z) = -2*z + 1 - 2*z**2 + z**2 - 5*z. Let w be -30 - (-24 + 16 + -16). Calculate k(w).
7
Let j(k) be the first derivative of -k**4/4 + 7*k**3 + 25*k**2/2 - 20*k - 10734. Determine j(22).
46
Let r(q) be the first derivative of 26*q**3/3 - 53*q**2 + 5*q - 3953. Give r(4).
-3
Let t(m) be the first derivative of -m**4/2 - 4*m**3/3 + 5*m**2/2 - 4*m + 34. Let l be t(-3). Let y(f) = 8*f**3 - f**2 + 1. Calculate y(l).
-8
Let v(o) = 4*o + 1. Let a(b) = 12*b - 2*b + 8 - 4*b + 5. Let c(h) = -a(h) + v(h). Give c(-10).
8
Let y be (16 + -12)*37/4. Let t(h) = -y*h - 5 + h + 32*h + 1. Give t(3).
-16
Let b(r) = -r**2 + 13*r - 25. Let v be 37/74*(-13 + 1) + 10. What is b(v)?
11
Let w(g) = -3*g**2 + 104*g - 160. Let q be w(33). Let y(v) = -11*v + 5. Calculate y(q).
-50
Let f(o) be the first derivative of -113 - 6*o + 11/2*o**2 - 1/3*o**3. Calculate f(10).
4
Let b(g) = -4*g**2 - g - 5. Let o = 65 + -29. Let x = -41 + o. Let i(v) = 5*v**2 + v + 6. Let j(f) = x*i(f) - 6*b(f). What is j(3)?
-6
Let p(z) be the first derivative of -z**4/4 + 5*z**3/3 + 3*z**2 + 3*z - 2677. Give p(6).
3
Let o(m) be the first derivative of -7/2*m**2 - 6*m - 1/4*m**4 - 48 - 7/3*m**3. Give o(-6).
0
Let j(p) = p**3 + 460*p**2 - 3734*p + 4674. Let w be j(-468). Let y(v) = -v + 1. Let m(l) = 8*l - 1. Let f(o) = 4*m(o) + 28*y(o). Give f(w).
0
Suppose -3*q = -2*g - 15, 0*g = 4*g - 3*q + 39. Let c be (-5)/(-1) + g + 14. Let v(u) = u**2 - 6*u + 6. Determine v(c).
13
Let l(d) = d**3 - 5*d**2 - 10*d - 17. Let x be l(7). Let v = -17 + x. Let u(w) = -w**3 - 6*w**2 + 1. What is u(v)?
1
Let w(z) be the first derivative of -5/2*z**2 - 20 + 5*z - 1/3*z**3. Let g = 7 - 12. Calculate w(g).
5
Let b(g) be the third derivative of 5*g**2 + 4/15*g**5 + 0*g**4 + 1/6*g**3 + 0 - 15*g. What is b(-1)?
17
Let g(i) = 3*i**3 + 14*i**2 + 8*i + 69. Let j be g(-5). Let q(w) = w**3 - 6*w**2 - w + 9. Determine q(j).
-27
Let b(q) = 4*q - 19. Let t be b(5). Suppose -y + 3 = t. Let r(m) = -4*m**y + 168 - m**3 - 6*m - 160 - 4*m**2. What is r(-7)?
1
Suppose q - 4*k = -q + 34, 2*q - 2*k - 24 = 0. Let b(x) = -7*x**2 - 7*x - 32. Let c(h) = 3*h**2 + 4*h + 14. Let u(r) = -4*b(r) - 9*c(r). What is u(q)?
-5
Let a = 1 + 0. Let r be (1 - (-2 + a)) + -4. Let y(w) be the third derivative of -5*w**4/12 - w**3/3 - 455*w**2. Calculate y(r).
18
Let s(w) be the first derivative of -5*w**4/4 - 2*w**3/3 + w + 1. Suppose 2*k + 78 = -2*v, v = -4*k - 4*v - 157. Let f = 39 + k. Calculate s(f).
-6
Let l(t) = 22494*t - 11 - 22496*t + 0 - 4. Determine l(-14).
13
Let j(n) = -n + n**2 + 2 - 2*n**2 - 4. Suppose 0 = -3*r - 18, 15*k = 11*k - 2*r - 12. Calculate j(k).
-2
Let o(s) be the second derivative of s**4/12 - s**3/6 + s**2/2 - 20*s. Let u be (-8 + (-4 - -2))/(-2). Suppose 6 = 2*t - u*w, -t + 3 + 1 = -3*w. What is o(t)?
7
Suppose m - 6 = 2*m. Let h(y) be the third derivative of 1/120*y**6 + 2*y**2 + 1/4*y**4 + 7/60*y**5 - 1/6*y**3 + 0*y + 10. Determine h(m).
-1
Let v(g) be the first derivative of -g**4/4 - 3*g**3 - 8*g**2 - 9*g - 47. Let f be v(-7). Let y(s) = s**3 - 5*s**2 + 2*s + 7. Determine y(f).
17
Let p(r) = r**3 + 18*r**2 - 18*r + 24. Suppose 8*j = -11*j + 1976. Suppose 3*u = 5*s + j, 5*u - 19 - 15 = s. What is p(s)?
5
Let t(d) = -51*d + 92. Let j be t(2). Let v(n) = -7*n - 45. What is v(j)?
25
Let l(s) = 17*s + 36. Suppose -5*x - 40 = 5*f, -f - 90*x + 2 = -91*x. Give l(f).
-15
Let d be 2/(76/36 - (-14)/(-6)). Let y(s) = s**3 + 8*s**2 - 12*s - 20. What is y(d)?
7
Let h = 2616 - 2618. Let u(v) = -4*v**3 - 12*v**2 - 10*v - 2. Calculate u(h).
2
Let l(z) = z**3 - z**2 - 3*z - 4. Suppose -10 = u - 6*u. Suppose -u*r + 16 = 2*r. Let p be 2/(r/15 - (-18)/45). What is l(p)?
5
Let b = 3 - -2. Let y(t) be the first derivative of -4*t**2 - 38*t + 45*t + 56 + 3*t**2. Determine y(b).
-3
Suppose 0 = -12*b + 26*b + 380 - 226. Let v(o) = -o**3 - 10*o**2 + 17*o + 15. What is v(b)?
-51
Let c(p) = -p. Let x(t) = -10. Let f be ((2 - 0)/2)/(3 + -2). Let w(k) = f*c(k) + x(k). Let v = 22 - 29. Calculate w(v).
-3
Suppose -31*k = 135 + 20. Let h(p) = 4*p + 5. Calculate h(k).
-15
Let i(b) = -47*b - 3. Suppose -29*k = -48*k + 29*k. Calculate i(k).
-3
Let k = -8 - -14. Suppose k*l - 18 = 3*l. Let a(z) = -2*z**2 - 9 + 9753*z - 2*z**2 - 9745*z + 3*z**2. Determine a(l).
3
Let d(g) be the second derivative of g**4/24 - g**3/6 + 19*g**2/2 - 2*g + 61. Let s(j) be the first derivative of d(j). Suppose x - 3*x + 6 = 0. What is s(x)?
2
Let g(x) = x**3 + 12*x**2 + 35*x + 29. Let s be g(-8). Let m(h) = -h**3 + 7*h**2 - 2*h - 7. What is m(s)?
33
Suppose 0 = -2*b - 2*b. Let c(a) be the second derivative of 0 - 5/2*a**2 + 0*a**4 - 1/20*a**5 - 1/6*a**3 - 60*a. Calculate c(b).
-5
Let v be (1/3)/(2*(5 + (-211)/42)). Let q(u) = -16*u + 1. Determine q(v).
113
Let d(j) = 3*j**2 - 73*j + 119. Let a(s) = -s**2 + 37*s - 47. Let y(t) = -5*a(t) - 2*d(t). Give y(-39).
-3
Let m(c) = 10 - 53*c**2 + 54*c**2 - 1 + 8*c. Let w be m(-5). Let b(u) = -2*u**2 - 17*u - 1. Let g(h) = -h**2 - 8*h. Let t(y) = 3*b(y) - 7*g(y). Give t(w).
3
Let t(l) = -l**3 - 27*l**2 - 124*l + 37. Let x be (-7 - -2 - -2)/(171/1197). Give t(x).
-5
Let w(m) be the second derivative of m**4/4 + 31*m**3/3 + 33*m**2/2 - m - 2351. Calculate w(-20).
-7
Let r(b) = -b**2 - 14*b - 16. Let i(n) = -1. Let f(m) = 8*m - 33. Let k(x) = -f(x) + 4*i(x). Let o be k(5). What is r(o)?
17
Let d be 274/(-8083) - (-1070)/236. Let z(p) be the second derivative of -d*p**2 - 1/6*p**3 + 7*p + 0. Determine z(0).
-9
Let g(z) be the third derivative of z**5/30 + z**4/24 + z**3 + 621*z**2. What is g(3)?
27
Let c be 2 - (0 - 16/4). Suppose c*n - 24 = 2*n. Let g(f) = 12 - 11*f - 6 - 8*f - 11 + 18*f. Calculate g(n).
-11
Let y(h) be the third derivative of h**5/12 + 11*h**4/8 + 4*h**3/3 - h**2 - 6569. What is y(-6)?
-10
Let x(y) = -4*y + 62. Suppose -4*q - 319 = -383. What is x(q)?
-2
Let b(h) = h - 4. Let o = 11 + -9. Suppose o*k - 9*k + 28 = 0. Suppose -11*i - k = -13*i. Calculate b(i).
-2
Let s be (4 - 0) + (-3)/3. Let x(v) = 3 + 70*v - 72*v + s. Calculate x(5).
-4
Let n be (-84)/(-49) + 4/14. Let g be n/(6/9 + 0). Let b(c) be the second derivative of -c**5/20 + c**4/4 - c**3/6 + c**2 + 3916*c - 2. Give b(g).
-1
Let f(y) = -y + 12. Let s be f(15). Let k(m) = m - 20. Let u(o) = -o + 6. Let z(w) = -2*k(w) - 6*u(w). What is z(s)?
-8
Let x(p) = 17*p**2 + 2. Let z(u) = -7*u + 324. Let m be z(46). Determine x(m).
70
Let a